-3*a - s = 11. Let m be v(a). Let d = -290 - m. Is d prime?
False
Let s(d) = d**2 - 4*d + 1. Let k(u) = 206*u**2 + 9*u - 78. Let v(n) = k(n) + 4*s(n). Is v(-7) composite?
True
Let t(i) = 12*i**3 + 8*i**2 - 3*i - 10. Let b(r) = 26*r**3 + 14*r**2 - 7*r - 20. Let u(m) = 2*b(m) - 5*t(m). Is u(-9) prime?
True
Suppose -26*z - 28 + 2 = 0. Is (-11 - -8)*z*4078/6 composite?
False
Let g = 85 - 83. Suppose 2*x - g*o = -3721 + 13237, 0 = 5*x + 3*o - 23790. Suppose 0 = -c + 2*c + 2*u - 4765, c = 5*u + x. Is c a prime number?
False
Let o(j) = 4*j + 6. Let m be o(-2). Is (23/(-46))/(m/23612) composite?
False
Let f(r) = 1111*r**2 - 15*r + 30. Let d be f(3). Let v = 18641 - d. Is v composite?
True
Let p(n) = -2*n**2 - 3*n + 5. Let j(a) = 2*a**2 + 2*a - 5. Let c(b) = -4*j(b) - 3*p(b). Let x be c(3). Is (-6132)/x - (36/30 - 1) a composite number?
False
Suppose 61*s = -4137410 + 23352349. Is s prime?
False
Let l = 21145 - 14971. Let q = l + -2000. Is q a prime number?
False
Suppose 3*x + 5*a - 2179 = 444, x - 3*a - 879 = 0. Let c = -583 + x. Let h = c + 96. Is h composite?
False
Suppose -241*p + 10098033 = -3782370 - 42698926. Is p prime?
True
Let x = 7270 + 5181. Is x a composite number?
False
Let p = 1626231 - 979978. Is p a prime number?
True
Let l(d) = 6*d + 1. Let h be l(2). Let w(q) = q**3 - 10*q**2 - 3*q - 24. Let p be w(h). Suppose -u - 77 + p = 0. Is u composite?
False
Suppose -15043 - 67629 = -16*j. Is j a prime number?
True
Suppose -25 = k - 31. Suppose -k*c - 3633 = -45615. Is c composite?
False
Suppose -2*m = -3*g - 876059, -g - 20144 + 896223 = 2*m. Is m a composite number?
True
Let s = 54 + -11. Let i = 661 + s. Let z = 1979 + i. Is z composite?
False
Let n(j) = -14*j - 23. Let k be n(3). Let g = 68 + k. Is 1/(g/27*(-6)/(-446)) composite?
True
Let i(t) = 5837*t**3 + 5*t**2 - 2*t - 1. Suppose 0 = -q + 2*j + 4, -5*q + j + 13 - 2 = 0. Is i(q) a prime number?
False
Suppose 3*s = 3*h + 45, 5*s - 2*h - 79 = 2*h. Suppose 0 = -s*o + 13*o + 6906. Is o a prime number?
True
Suppose 3*v - 52 = -73. Let b(d) = -d**3 - 6*d**2 + 8*d + 11. Let p be b(v). Suppose -l + 1343 = p*q, -7*q - 4043 = -3*l - 5*q. Is l composite?
True
Let p(y) = -3*y**2 + 7. Let o be p(3). Let k be o/(-14) + 12/21. Is 0 + (k - 0) + 77 a prime number?
True
Suppose 4*j - 2*j - 8 = 0. Suppose -5*y + j*a + 6621 = 494, -5*y + 3*a + 6129 = 0. Is y composite?
True
Suppose -83 + 11 = 4*t. Let f(j) = 362*j - 75. Let o be f(6). Is o/t*((0 - 1) + -1) a composite number?
False
Let t be (-29)/(-87) - 1/(6/3800). Let i = t - -3044. Is i a prime number?
True
Suppose 8*w + 3*h = 12*w + 111, w + h + 19 = 0. Is -3 + (-78)/w + 54604/16 a prime number?
True
Suppose 3*f - 19943 = -s, -39878 = -2*s - 54*f + 52*f. Is s a prime number?
True
Let y be (-3)/(-15) - 158/(-10). Suppose -16*p + 340 = -15*p - 5*b, -2*p = -2*b - 720. Let t = p + y. Is t prime?
False
Let c(y) = y**2 - 18*y + 19. Let u be c(17). Is u + 2053 + 1*(-1 + -1) prime?
True
Let n(k) = 4*k + 50. Let j be n(-12). Suppose 5*v - 3*a - 8107 = 0, j*v - 2276 - 942 = -5*a. Is v a composite number?
False
Let c(p) = -2*p - 9. Let u be c(-6). Suppose -2*h + 0*h = -2*s + 202, 4*s - 411 = -u*h. Suppose -259 = -i + s. Is i prime?
False
Let j be -2 - (-9 - (-4 + 0))/1. Suppose -3*f + 5*b = -1457 - 3722, -5*f + 8677 = j*b. Is f a composite number?
False
Suppose 3*u - 2*c - 186827 = 0, -40*u + 44*u + 4*c - 249076 = 0. Is u a prime number?
True
Let u be (-1 + -3)/4 - (-1680)/7. Let p = u + -90. Is p composite?
False
Let n(j) = 24*j**3 - 3*j**2 + 2*j - 3. Let s(v) = 3*v**2 - 8*v - 13. Let q be s(-4). Let z = 69 - q. Is n(z) composite?
False
Suppose 3*m - 10 = 5*o - 0*o, 0 = -4*m - 4*o + 56. Suppose -14*f = -m*f - 228. Is (1*1039 - -1) + 171/f composite?
True
Suppose -3*x + 4 = 2*z, 2*x + 8*z - 4*z + 8 = 0. Suppose 3*h = 3*o - 2150 - 8473, -14184 = -x*o - h. Is o composite?
True
Suppose -i - i - 5*h = 37, 5*i = 4*h - 43. Let q(l) = 10*l**2 - 2301*l + 2299*l + 26 - 3. Is q(i) a composite number?
True
Let t(f) = -2*f**2 + 16*f + 63. Let i(z) = z**2 - 14*z - 65. Let n(o) = -4*i(o) - 5*t(o). Is n(26) composite?
True
Suppose 39989571 = 39*n + 37*n - 7*n. Is n a prime number?
False
Is (-4)/3*-52422 + (-19 - -16) a prime number?
False
Suppose 2*l - 39 = 3*y, 5*l - y - y - 114 = 0. Suppose -1986 = 18*z - l*z. Is z a composite number?
False
Let t(b) = -10*b - 50. Let l be t(-6). Suppose -l*j + 8230 = -70780. Is j a prime number?
True
Let s(w) = 494*w - 500*w + 53*w**2 - 38 + 9. Is s(18) composite?
True
Let k(u) be the second derivative of -5/6*u**3 - 1/10*u**5 + 1/12*u**4 + 0 - 19/2*u**2 + 4*u. Is k(-8) composite?
False
Suppose -5*s - 103317 = -0*v - 4*v, 0 = 2*v - s - 51651. Suppose -k - 15720 = -2*a - 2811, 4*a - k = v. Is a a composite number?
True
Let r be -2*10/(-4) + 8634. Let t = 17950 - r. Is t prime?
True
Let f be (-244)/(((-14)/(-115))/(-7)). Let i = -9771 + f. Suppose i = 6*c + 1385. Is c a composite number?
False
Let z = -4810 + 24373. Is z a prime number?
False
Is 12*1/3*18034/8 a composite number?
True
Let u(w) = -3*w - 24. Let i be u(-12). Suppose -2*v + 14 = -5*f, 4*f = -v + 3*v - i. Suppose 0*m - 912 = -v*m - 5*y, -2*m + 894 = -4*y. Is m a composite number?
True
Is (-580740)/(-7) + ((-272)/(-112))/17 composite?
False
Let r be 5/165*6*22. Suppose -5*n = -9*i + r*i - 18975, -i + 3791 = n. Is n composite?
False
Let p(f) = -f**2 + 3*f + 4. Let j be p(-1). Suppose j = 5*t - 4*q - q - 11975, t - 2396 = 2*q. Suppose -v + 796 = u, -u - 2*u = v - t. Is u composite?
True
Let a be (3 - 2)*-1*1. Let s(c) = -531*c**3 - c**2. Let q be s(a). Suppose 2383 = 3*x - q. Is x a composite number?
False
Let t(o) = 125*o**3 + 41*o**2 - 52*o + 9. Is t(8) a prime number?
False
Suppose 5*k = 2*k - 2484. Let g = k + 1345. Suppose 69*c - 70*c = -g. Is c composite?
True
Let o = -10 + 12. Suppose 4*m = -m - 2*c, -c = o*m + 1. Suppose m*s - 651 = -s. Is s a composite number?
True
Let i = 42 - 40. Let h(u) = -u + 4. Let f be h(i). Suppose 3*b = f*q + 4021, 3*q - 4036 = -3*b + 8*q. Is b a prime number?
False
Let y(r) = -257790*r - 9713. Is y(-15) prime?
True
Suppose 0 = -0*a + 2*a + 5756. Let q = -300 + 312. Is 4/q*a*(-9)/6 composite?
False
Let g(i) = 65*i**2 - 52*i + 218. Is g(3) prime?
True
Let z = -7311 + 100064. Is z a prime number?
True
Let z be ((-5)/(20/12))/(-3). Let u(q) = 6943*q**3 - 3*q**2 - q + 2. Is u(z) a composite number?
True
Let u(k) = -71*k**3 - 4*k**2 + 9*k + 13. Let n be u(-6). Suppose 4*p + a + 0*a = n, 0 = 5*p + 5*a - 18950. Is p a composite number?
True
Suppose -7258*r + 7248*r + 3960 = 0. Suppose 2*f = -0*f + 124. Suppose 3*x = l + r, l - f - 66 = -x. Is x a composite number?
False
Let f(c) = -6*c**2 - 3*c - 13. Let i(z) = 7*z**2 + 2*z + 14. Let y(m) = 6*f(m) + 5*i(m). Let v be y(-7). Is (-80 - -4)*((-122)/(-8))/v a prime number?
False
Suppose 523*u - 3755450 = 473*u. Is u composite?
False
Suppose 0 = -4*p - 4*b + 412, -286 = -4*p + 3*b + 147. Is p a composite number?
True
Suppose -10*i - 161 = -231. Suppose 2*m + 3*n - 17858 = i*n, -5*m - 5*n + 44600 = 0. Is m composite?
False
Let b(y) = -8*y**3 + 3*y**2 + 6*y + 151. Is b(-8) composite?
False
Suppose -7000 + 32210 = 75*p - 65*p. Is p prime?
True
Suppose 0 = 2*o - 3*y - 369106, 3*y - 86048 = -o + 98505. Is o a composite number?
False
Let g be 2/(-17) - (348/(-68) - -1). Suppose 2*f - 3766 = 3*b, 9*b - 7*b + 7548 = g*f. Is f composite?
False
Let t(y) be the third derivative of y**6/120 + 23*y**5/60 + 11*y**4/12 + y**3/3 - 7*y**2. Let o be t(-22). Suppose o*u - 6*u + 184 = 0. Is u composite?
True
Suppose -x + 4*x + 30 = 0. Let v be 4 - (2 - -1)/((-21)/14). Is v/(-4) + (-14825)/x prime?
True
Let a(g) = -g**3 + 10*g**2 - 6*g + 41. Let j be a(12). Let k = j - -773. Is k a prime number?
False
Suppose 607 = 2*f - 23763. Suppose -2*z + 41269 = u, -f = -z + 2*u + 8452. Is z composite?
True
Let c(z) = -z**2 + 2*z + 1. Let l(x) = 2*x**3 - x**2 + x - 21. Let k(n) = 3*c(n) + l(n). Is k(7) a prime number?
True
Let k(n) = -n**3 + 5*n - 2. Let s be k(2). Let a(l) = -l**3 - 2*l**2 + l + 7847. Let t be a(s). Suppose 6*g - t = -1409. Is g a composite number?
True
Suppose -176745 = -9*x + 180078. Is x a composite number?
True
Let t = -166 - -177. Let s(y) be the second derivative of -y**5/20 + y**4 + 2*y**3/3 + 7*y**2 + 3*y. Is s(t) c